{"id":22,"date":"2024-04-13T12:20:14","date_gmt":"2024-04-13T15:20:14","guid":{"rendered":"https:\/\/limaexavier.com\/?page_id=22"},"modified":"2024-04-21T11:46:49","modified_gmt":"2024-04-21T14:46:49","slug":"sobre","status":"publish","type":"page","link":"https:\/\/limaexavier.com\/index.php\/sobre\/","title":{"rendered":"Sobre"},"content":{"rendered":"<div class=\"wp-block-image is-style-sydney-rounded\">\n<figure class=\"aligncenter size-medium is-resized\"><img loading=\"lazy\" decoding=\"async\" width=\"300\" height=\"274\" src=\"https:\/\/limaexavier.com\/wp-content\/uploads\/2024\/04\/agnalda-logo-300x274.png\" alt=\"\" class=\"wp-image-35\" style=\"width:436px;height:auto\" srcset=\"https:\/\/limaexavier.com\/wp-content\/uploads\/2024\/04\/agnalda-logo-300x274.png 300w, https:\/\/limaexavier.com\/wp-content\/uploads\/2024\/04\/agnalda-logo-230x210.png 230w, https:\/\/limaexavier.com\/wp-content\/uploads\/2024\/04\/agnalda-logo-350x319.png 350w, https:\/\/limaexavier.com\/wp-content\/uploads\/2024\/04\/agnalda-logo-480x438.png 480w, https:\/\/limaexavier.com\/wp-content\/uploads\/2024\/04\/agnalda-logo.png 523w\" sizes=\"(max-width: 300px) 100vw, 300px\" \/><\/figure><\/div>\n\n\n<h2 class=\"wp-block-heading has-text-align-center\">Fisioterapia especializada em:<\/h2>\n\n\n\n<p>Ortopedia.<\/p>\n\n\n\n<p>Les\u00f5es m\u00fasculo-esquel\u00e9ticas (m\u00fasculos, ossos, ligamentos e articula\u00e7\u00f5es).<\/p>\n\n\n\n<p>Traumatologia.<\/p>\n\n\n\n<p>Traumas e fraturas em geral.<\/p>\n\n\n\n<p>Reumatologia.<\/p>\n\n\n\n<p>Doen\u00e7as autoimunes.<\/p>\n\n\n\n<p>Geriatria.<\/p>\n\n\n\n<p>Doen\u00e7as da 3\u00ba idade (Artrose, osteoporose, bico de papagaio) .<\/p>\n\n\n\n<div style=\"height:100px\" aria-hidden=\"true\" class=\"wp-block-spacer\"><\/div>\n\n\n\n<hr class=\"wp-block-separator has-alpha-channel-opacity\"\/>\n\n\n<div class=\"wp-block-image is-style-rounded\">\n<figure class=\"aligncenter size-large is-resized\"><img loading=\"lazy\" decoding=\"async\" width=\"1024\" height=\"1024\" src=\"https:\/\/limaexavier.com\/wp-content\/uploads\/2024\/04\/AGNALDA-FOTO-1-1024x1024.jpeg\" alt=\"\" class=\"wp-image-148\" style=\"width:526px;height:auto\" srcset=\"https:\/\/limaexavier.com\/wp-content\/uploads\/2024\/04\/AGNALDA-FOTO-1-1024x1024.jpeg 1024w, https:\/\/limaexavier.com\/wp-content\/uploads\/2024\/04\/AGNALDA-FOTO-1-300x300.jpeg 300w, https:\/\/limaexavier.com\/wp-content\/uploads\/2024\/04\/AGNALDA-FOTO-1-150x150.jpeg 150w, https:\/\/limaexavier.com\/wp-content\/uploads\/2024\/04\/AGNALDA-FOTO-1-768x768.jpeg 768w, https:\/\/limaexavier.com\/wp-content\/uploads\/2024\/04\/AGNALDA-FOTO-1-1000x1000.jpeg 1000w, https:\/\/limaexavier.com\/wp-content\/uploads\/2024\/04\/AGNALDA-FOTO-1-230x230.jpeg 230w, https:\/\/limaexavier.com\/wp-content\/uploads\/2024\/04\/AGNALDA-FOTO-1-350x350.jpeg 350w, https:\/\/limaexavier.com\/wp-content\/uploads\/2024\/04\/AGNALDA-FOTO-1-480x480.jpeg 480w, https:\/\/limaexavier.com\/wp-content\/uploads\/2024\/04\/AGNALDA-FOTO-1-650x650.jpeg 650w, https:\/\/limaexavier.com\/wp-content\/uploads\/2024\/04\/AGNALDA-FOTO-1-1300x1300.jpeg 1300w, https:\/\/limaexavier.com\/wp-content\/uploads\/2024\/04\/AGNALDA-FOTO-1.jpeg 1414w\" sizes=\"(max-width: 1024px) 100vw, 1024px\" \/><\/figure><\/div>\n\n\n<p class=\"has-text-align-center\"><strong>O Instituto Lima e Xavier \u00e9 o resultado de anos de muita dedica\u00e7\u00e3o, persist\u00eancia e estudos da Dra.\u00a0 Agnalda Xavier.<\/strong><\/p>\n\n\n\n<p class=\"has-text-align-center\"><strong>A Dra. Agnalda Xavier \u00e9 formada em fisioterapia pela Universidade Nove de Julho (UNINOVE), tem especializa\u00e7\u00e3o em Fisioterapia musculo-esquel\u00e9tica (ortopedia e trauma) pela Santa Casa de S\u00e3o Paulo. P\u00f3s Gradua\u00e7\u00e3o em Terapias Manuais e Posturais, forma\u00e7\u00e3o no m\u00e9todo RPG (Reeduca\u00e7\u00e3o Postural Global e forma\u00e7\u00e3o no m\u00e9todo pilates.<\/strong><\/p>\n\n\n\n<div style=\"height:100px\" aria-hidden=\"true\" class=\"wp-block-spacer\"><\/div>\n\n\n\n<hr class=\"wp-block-separator has-alpha-channel-opacity\"\/>\n\n\n\n<div class=\"wp-block-media-text is-stacked-on-mobile\"><figure class=\"wp-block-media-text__media\"><img loading=\"lazy\" decoding=\"async\" width=\"512\" height=\"512\" src=\"https:\/\/limaexavier.com\/wp-content\/uploads\/2024\/04\/missao.png\" alt=\"\" class=\"wp-image-158 size-full\" srcset=\"https:\/\/limaexavier.com\/wp-content\/uploads\/2024\/04\/missao.png 512w, https:\/\/limaexavier.com\/wp-content\/uploads\/2024\/04\/missao-300x300.png 300w, https:\/\/limaexavier.com\/wp-content\/uploads\/2024\/04\/missao-150x150.png 150w, https:\/\/limaexavier.com\/wp-content\/uploads\/2024\/04\/missao-230x230.png 230w, https:\/\/limaexavier.com\/wp-content\/uploads\/2024\/04\/missao-350x350.png 350w, https:\/\/limaexavier.com\/wp-content\/uploads\/2024\/04\/missao-480x480.png 480w\" sizes=\"(max-width: 512px) 100vw, 512px\" \/><\/figure><div class=\"wp-block-media-text__content\">\n<h2 class=\"wp-block-heading\">Miss\u00e3o<\/h2>\n\n\n\n<p>Proporcionar sa\u00fade e melhor qualidade de vida aos nossos pacientes com excel\u00eancia e resolutividade em todos os atendimentos, fornecendo la\u00e7os atrav\u00e9s da \u00e9tica e confian\u00e7a em nossos servi\u00e7os e promover a excel\u00eancia profissional.&nbsp;<\/p>\n<\/div><\/div>\n\n\n\n<div class=\"wp-block-media-text is-stacked-on-mobile\"><figure class=\"wp-block-media-text__media\"><img loading=\"lazy\" decoding=\"async\" width=\"980\" height=\"574\" src=\"https:\/\/limaexavier.com\/wp-content\/uploads\/2024\/04\/klipartz.com_.png\" alt=\"\" class=\"wp-image-159 size-full\" srcset=\"https:\/\/limaexavier.com\/wp-content\/uploads\/2024\/04\/klipartz.com_.png 980w, https:\/\/limaexavier.com\/wp-content\/uploads\/2024\/04\/klipartz.com_-300x176.png 300w, https:\/\/limaexavier.com\/wp-content\/uploads\/2024\/04\/klipartz.com_-768x450.png 768w, https:\/\/limaexavier.com\/wp-content\/uploads\/2024\/04\/klipartz.com_-230x135.png 230w, https:\/\/limaexavier.com\/wp-content\/uploads\/2024\/04\/klipartz.com_-350x205.png 350w, https:\/\/limaexavier.com\/wp-content\/uploads\/2024\/04\/klipartz.com_-480x281.png 480w\" sizes=\"(max-width: 980px) 100vw, 980px\" \/><\/figure><div class=\"wp-block-media-text__content\">\n<h2 class=\"wp-block-heading\">Vis\u00e3o<\/h2>\n\n\n\n<p>Ser reconhecida como referencia no atendimento em fisioterapia ortop\u00e9dica de forma humanizada.<\/p>\n<\/div><\/div>\n\n\n\n<div class=\"wp-block-media-text is-stacked-on-mobile\"><figure class=\"wp-block-media-text__media\"><img loading=\"lazy\" decoding=\"async\" width=\"631\" height=\"563\" src=\"https:\/\/limaexavier.com\/wp-content\/uploads\/2024\/04\/PngItem_733899.png\" alt=\"\" class=\"wp-image-160 size-full\" srcset=\"https:\/\/limaexavier.com\/wp-content\/uploads\/2024\/04\/PngItem_733899.png 631w, https:\/\/limaexavier.com\/wp-content\/uploads\/2024\/04\/PngItem_733899-300x268.png 300w, https:\/\/limaexavier.com\/wp-content\/uploads\/2024\/04\/PngItem_733899-230x205.png 230w, https:\/\/limaexavier.com\/wp-content\/uploads\/2024\/04\/PngItem_733899-350x312.png 350w, https:\/\/limaexavier.com\/wp-content\/uploads\/2024\/04\/PngItem_733899-480x428.png 480w\" sizes=\"(max-width: 631px) 100vw, 631px\" \/><\/figure><div class=\"wp-block-media-text__content\">\n<h2 class=\"wp-block-heading\">Valores<\/h2>\n\n\n\n<p>Responsabilidade.<\/p>\n\n\n\n<p>Comprometimento.<\/p>\n\n\n\n<p>Resolutividade.<\/p>\n\n\n\n<p>Excel\u00eancia no atendimento.<\/p>\n\n\n\n<p>\u00c9tica.<\/p>\n\n\n\n<p>Ci\u00eancia.<\/p>\n<\/div><\/div>\n\n\n\n<div class=\"wp-block-media-text is-stacked-on-mobile\"><figure class=\"wp-block-media-text__media\"><img loading=\"lazy\" decoding=\"async\" width=\"1024\" height=\"1024\" src=\"https:\/\/limaexavier.com\/wp-content\/uploads\/2024\/04\/pngwing.com_-1024x1024.png\" alt=\"\" class=\"wp-image-161 size-full\" srcset=\"https:\/\/limaexavier.com\/wp-content\/uploads\/2024\/04\/pngwing.com_-1024x1024.png 1024w, https:\/\/limaexavier.com\/wp-content\/uploads\/2024\/04\/pngwing.com_-300x300.png 300w, https:\/\/limaexavier.com\/wp-content\/uploads\/2024\/04\/pngwing.com_-150x150.png 150w, https:\/\/limaexavier.com\/wp-content\/uploads\/2024\/04\/pngwing.com_-768x768.png 768w, https:\/\/limaexavier.com\/wp-content\/uploads\/2024\/04\/pngwing.com_-1536x1536.png 1536w, https:\/\/limaexavier.com\/wp-content\/uploads\/2024\/04\/pngwing.com_-1000x1000.png 1000w, https:\/\/limaexavier.com\/wp-content\/uploads\/2024\/04\/pngwing.com_-230x230.png 230w, https:\/\/limaexavier.com\/wp-content\/uploads\/2024\/04\/pngwing.com_-350x350.png 350w, https:\/\/limaexavier.com\/wp-content\/uploads\/2024\/04\/pngwing.com_-480x480.png 480w, https:\/\/limaexavier.com\/wp-content\/uploads\/2024\/04\/pngwing.com_-650x650.png 650w, https:\/\/limaexavier.com\/wp-content\/uploads\/2024\/04\/pngwing.com_-1300x1300.png 1300w, https:\/\/limaexavier.com\/wp-content\/uploads\/2024\/04\/pngwing.com_.png 1600w\" sizes=\"(max-width: 1024px) 100vw, 1024px\" \/><\/figure><div class=\"wp-block-media-text__content\">\n<p>Dispomos de aparelhos de alta tecnologia ideais&nbsp; para uma eficaz e completa reabilita\u00e7\u00e3o.<\/p>\n\n\n\n<p>Nossa clinica \u00e9 de f\u00e1cil acesso e est\u00e1 a 150 metros da esta\u00e7\u00e3o do metro S\u00e3o Judas.<\/p>\n<\/div><\/div>\n\n\n\n<hr class=\"wp-block-separator has-alpha-channel-opacity\"\/>\n\n\n\n<h2 class=\"wp-block-heading\">Nosso espa\u00e7o<\/h2>\n\n\n\n<p>Nossa Cl\u00ednica \u00e9 um espa\u00e7o pensado para receber os pacientes de forma acolhedora. Os atendimentos s\u00e3o realizados por fisioterapeutas especializados com avalia\u00e7\u00e3o individualizada com total privacidade e conforto.<\/p>\n\n\n\n<div style=\"height:100px\" aria-hidden=\"true\" class=\"wp-block-spacer\"><\/div>\n\n\n\n<figure class=\"wp-block-gallery has-nested-images columns-default is-cropped wp-block-gallery-1 is-layout-flex wp-block-gallery-is-layout-flex\">\n<figure class=\"wp-block-image size-large\"><img loading=\"lazy\" decoding=\"async\" width=\"1024\" height=\"576\" data-id=\"162\" src=\"https:\/\/limaexavier.com\/wp-content\/uploads\/2024\/04\/WhatsApp-Image-2023-09-09-at-10.04.57-2-1024x576.jpeg\" alt=\"\" class=\"wp-image-162\" srcset=\"https:\/\/limaexavier.com\/wp-content\/uploads\/2024\/04\/WhatsApp-Image-2023-09-09-at-10.04.57-2-1024x576.jpeg 1024w, https:\/\/limaexavier.com\/wp-content\/uploads\/2024\/04\/WhatsApp-Image-2023-09-09-at-10.04.57-2-300x169.jpeg 300w, https:\/\/limaexavier.com\/wp-content\/uploads\/2024\/04\/WhatsApp-Image-2023-09-09-at-10.04.57-2-768x432.jpeg 768w, https:\/\/limaexavier.com\/wp-content\/uploads\/2024\/04\/WhatsApp-Image-2023-09-09-at-10.04.57-2-1000x563.jpeg 1000w, https:\/\/limaexavier.com\/wp-content\/uploads\/2024\/04\/WhatsApp-Image-2023-09-09-at-10.04.57-2-230x129.jpeg 230w, https:\/\/limaexavier.com\/wp-content\/uploads\/2024\/04\/WhatsApp-Image-2023-09-09-at-10.04.57-2-350x197.jpeg 350w, https:\/\/limaexavier.com\/wp-content\/uploads\/2024\/04\/WhatsApp-Image-2023-09-09-at-10.04.57-2-480x270.jpeg 480w, https:\/\/limaexavier.com\/wp-content\/uploads\/2024\/04\/WhatsApp-Image-2023-09-09-at-10.04.57-2.jpeg 1440w\" sizes=\"(max-width: 1024px) 100vw, 1024px\" \/><\/figure>\n\n\n\n<figure class=\"wp-block-image size-large\"><img loading=\"lazy\" decoding=\"async\" width=\"1024\" height=\"576\" data-id=\"165\" src=\"https:\/\/limaexavier.com\/wp-content\/uploads\/2024\/04\/WhatsApp-Image-2023-09-09-at-10.04.57-3-1024x576.jpeg\" alt=\"\" class=\"wp-image-165\" srcset=\"https:\/\/limaexavier.com\/wp-content\/uploads\/2024\/04\/WhatsApp-Image-2023-09-09-at-10.04.57-3-1024x576.jpeg 1024w, https:\/\/limaexavier.com\/wp-content\/uploads\/2024\/04\/WhatsApp-Image-2023-09-09-at-10.04.57-3-300x169.jpeg 300w, https:\/\/limaexavier.com\/wp-content\/uploads\/2024\/04\/WhatsApp-Image-2023-09-09-at-10.04.57-3-768x432.jpeg 768w, https:\/\/limaexavier.com\/wp-content\/uploads\/2024\/04\/WhatsApp-Image-2023-09-09-at-10.04.57-3-1000x563.jpeg 1000w, https:\/\/limaexavier.com\/wp-content\/uploads\/2024\/04\/WhatsApp-Image-2023-09-09-at-10.04.57-3-230x129.jpeg 230w, https:\/\/limaexavier.com\/wp-content\/uploads\/2024\/04\/WhatsApp-Image-2023-09-09-at-10.04.57-3-350x197.jpeg 350w, https:\/\/limaexavier.com\/wp-content\/uploads\/2024\/04\/WhatsApp-Image-2023-09-09-at-10.04.57-3-480x270.jpeg 480w, https:\/\/limaexavier.com\/wp-content\/uploads\/2024\/04\/WhatsApp-Image-2023-09-09-at-10.04.57-3.jpeg 1440w\" sizes=\"(max-width: 1024px) 100vw, 1024px\" \/><\/figure>\n\n\n\n<figure class=\"wp-block-image size-large\"><img loading=\"lazy\" decoding=\"async\" width=\"576\" height=\"1024\" data-id=\"163\" src=\"https:\/\/limaexavier.com\/wp-content\/uploads\/2024\/04\/WhatsApp-Image-2023-09-09-at-10.04.57-576x1024.jpeg\" alt=\"\" class=\"wp-image-163\" srcset=\"https:\/\/limaexavier.com\/wp-content\/uploads\/2024\/04\/WhatsApp-Image-2023-09-09-at-10.04.57-576x1024.jpeg 576w, https:\/\/limaexavier.com\/wp-content\/uploads\/2024\/04\/WhatsApp-Image-2023-09-09-at-10.04.57-169x300.jpeg 169w, https:\/\/limaexavier.com\/wp-content\/uploads\/2024\/04\/WhatsApp-Image-2023-09-09-at-10.04.57-768x1365.jpeg 768w, https:\/\/limaexavier.com\/wp-content\/uploads\/2024\/04\/WhatsApp-Image-2023-09-09-at-10.04.57-864x1536.jpeg 864w, https:\/\/limaexavier.com\/wp-content\/uploads\/2024\/04\/WhatsApp-Image-2023-09-09-at-10.04.57-230x409.jpeg 230w, https:\/\/limaexavier.com\/wp-content\/uploads\/2024\/04\/WhatsApp-Image-2023-09-09-at-10.04.57-350x622.jpeg 350w, https:\/\/limaexavier.com\/wp-content\/uploads\/2024\/04\/WhatsApp-Image-2023-09-09-at-10.04.57-480x853.jpeg 480w, https:\/\/limaexavier.com\/wp-content\/uploads\/2024\/04\/WhatsApp-Image-2023-09-09-at-10.04.57.jpeg 900w\" sizes=\"(max-width: 576px) 100vw, 576px\" \/><\/figure>\n\n\n\n<figure class=\"wp-block-image size-large\"><img loading=\"lazy\" decoding=\"async\" width=\"576\" height=\"1024\" data-id=\"164\" src=\"https:\/\/limaexavier.com\/wp-content\/uploads\/2024\/04\/WhatsApp-Image-2023-09-09-at-10.04.58-576x1024.jpeg\" alt=\"\" class=\"wp-image-164\" srcset=\"https:\/\/limaexavier.com\/wp-content\/uploads\/2024\/04\/WhatsApp-Image-2023-09-09-at-10.04.58-576x1024.jpeg 576w, https:\/\/limaexavier.com\/wp-content\/uploads\/2024\/04\/WhatsApp-Image-2023-09-09-at-10.04.58-169x300.jpeg 169w, https:\/\/limaexavier.com\/wp-content\/uploads\/2024\/04\/WhatsApp-Image-2023-09-09-at-10.04.58-768x1365.jpeg 768w, https:\/\/limaexavier.com\/wp-content\/uploads\/2024\/04\/WhatsApp-Image-2023-09-09-at-10.04.58-864x1536.jpeg 864w, https:\/\/limaexavier.com\/wp-content\/uploads\/2024\/04\/WhatsApp-Image-2023-09-09-at-10.04.58-230x409.jpeg 230w, https:\/\/limaexavier.com\/wp-content\/uploads\/2024\/04\/WhatsApp-Image-2023-09-09-at-10.04.58-350x622.jpeg 350w, https:\/\/limaexavier.com\/wp-content\/uploads\/2024\/04\/WhatsApp-Image-2023-09-09-at-10.04.58-480x853.jpeg 480w, https:\/\/limaexavier.com\/wp-content\/uploads\/2024\/04\/WhatsApp-Image-2023-09-09-at-10.04.58.jpeg 900w\" sizes=\"(max-width: 576px) 100vw, 576px\" \/><\/figure>\n<\/figure>\n\n\n\n<hr class=\"wp-block-separator has-alpha-channel-opacity\"\/>\n\n\n\n<div style=\"height:100px\" aria-hidden=\"true\" class=\"wp-block-spacer\"><\/div>\n\n\n\n<iframe src=\"https:\/\/www.google.com\/maps\/embed?pb=!1m14!1m8!1m3!1d7310.880144696766!2d-46.639863!3d-23.624406!3m2!1i1024!2i768!4f13.1!3m3!1m2!1s0x94ce5a57a4b450c3%3A0x4f52e53f2a5e424d!2sR.%20Prof.%20Apr%C3%ADgio%20Gonzaga%2C%2078%20-%20S%C3%A3o%20Judas%2C%20S%C3%A3o%20Paulo%20-%20SP%2C%2004303-000!5e0!3m2!1spt-PT!2sbr!4v1713024945374!5m2!1spt-PT!2sbr\" width=\"600\" height=\"450\" style=\"border:0;\" allowfullscreen=\"\" loading=\"lazy\" referrerpolicy=\"no-referrer-when-downgrade\"><\/iframe>\n\n\n\n<p class=\"has-text-align-center\"><strong>R. Prof. Apr\u00edgio Gonzaga, 78 &#8211; sala 33\/34 &#8211; S\u00e3o Judas &#8211; SP<\/strong><\/p>\n","protected":false},"excerpt":{"rendered":"<p>Fisioterapia especializada em: Ortopedia. Les\u00f5es m\u00fasculo-esquel\u00e9ticas (m\u00fasculos, ossos, ligamentos e articula\u00e7\u00f5es). Traumatologia. Traumas e fraturas em geral. Reumatologia. Doen\u00e7as autoimunes. Geriatria. Doen\u00e7as [&hellip;]<\/p>\n","protected":false},"author":1,"featured_media":0,"parent":0,"menu_order":0,"comment_status":"closed","ping_status":"closed","template":"","meta":{"_monsterinsights_skip_tracking":false,"_monsterinsights_sitenote_active":false,"_monsterinsights_sitenote_note":"","_monsterinsights_sitenote_category":0,"footnotes":""},"aioseo_notices":[],"_links":{"self":[{"href":"https:\/\/limaexavier.com\/index.php\/wp-json\/wp\/v2\/pages\/22"}],"collection":[{"href":"https:\/\/limaexavier.com\/index.php\/wp-json\/wp\/v2\/pages"}],"about":[{"href":"https:\/\/limaexavier.com\/index.php\/wp-json\/wp\/v2\/types\/page"}],"author":[{"embeddable":true,"href":"https:\/\/limaexavier.com\/index.php\/wp-json\/wp\/v2\/users\/1"}],"replies":[{"embeddable":true,"href":"https:\/\/limaexavier.com\/index.php\/wp-json\/wp\/v2\/comments?post=22"}],"version-history":[{"count":5,"href":"https:\/\/limaexavier.com\/index.php\/wp-json\/wp\/v2\/pages\/22\/revisions"}],"predecessor-version":[{"id":178,"href":"https:\/\/limaexavier.com\/index.php\/wp-json\/wp\/v2\/pages\/22\/revisions\/178"}],"wp:attachment":[{"href":"https:\/\/limaexavier.com\/index.php\/wp-json\/wp\/v2\/media?parent=22"}],"curies":[{"name":"wp","href":"https:\/\/api.w.org\/{rel}","templated":true}]}}