{"id":133,"date":"2024-04-14T14:11:16","date_gmt":"2024-04-14T17:11:16","guid":{"rendered":"https:\/\/limaexavier.com\/?page_id=133"},"modified":"2024-04-14T14:11:16","modified_gmt":"2024-04-14T17:11:16","slug":"terapia-manual","status":"publish","type":"page","link":"https:\/\/limaexavier.com\/index.php\/terapia-manual\/","title":{"rendered":"Terapia manual"},"content":{"rendered":"<div class=\"wp-block-image is-style-sydney-rounded\">\n<figure class=\"aligncenter size-medium is-resized\"><img loading=\"lazy\" decoding=\"async\" width=\"300\" height=\"274\" src=\"https:\/\/limaexavier.com\/wp-content\/uploads\/2024\/04\/agnalda-logo-300x274.png\" alt=\"\" class=\"wp-image-35\" style=\"width:436px;height:auto\" srcset=\"https:\/\/limaexavier.com\/wp-content\/uploads\/2024\/04\/agnalda-logo-300x274.png 300w, https:\/\/limaexavier.com\/wp-content\/uploads\/2024\/04\/agnalda-logo-230x210.png 230w, https:\/\/limaexavier.com\/wp-content\/uploads\/2024\/04\/agnalda-logo-350x319.png 350w, https:\/\/limaexavier.com\/wp-content\/uploads\/2024\/04\/agnalda-logo-480x438.png 480w, https:\/\/limaexavier.com\/wp-content\/uploads\/2024\/04\/agnalda-logo.png 523w\" sizes=\"(max-width: 300px) 100vw, 300px\" \/><\/figure><\/div>\n\n\n<hr class=\"wp-block-separator has-alpha-channel-opacity\"\/>\n\n\n\n<div style=\"height:100px\" aria-hidden=\"true\" class=\"wp-block-spacer\"><\/div>\n\n\n<div class=\"wp-block-image\">\n<figure class=\"aligncenter size-large\"><img loading=\"lazy\" decoding=\"async\" width=\"1024\" height=\"684\" src=\"https:\/\/limaexavier.com\/wp-content\/uploads\/2024\/04\/Terapia-manual-1024x684.jpeg\" alt=\"\" class=\"wp-image-74\" srcset=\"https:\/\/limaexavier.com\/wp-content\/uploads\/2024\/04\/Terapia-manual-1024x684.jpeg 1024w, https:\/\/limaexavier.com\/wp-content\/uploads\/2024\/04\/Terapia-manual-300x200.jpeg 300w, https:\/\/limaexavier.com\/wp-content\/uploads\/2024\/04\/Terapia-manual-768x513.jpeg 768w, https:\/\/limaexavier.com\/wp-content\/uploads\/2024\/04\/Terapia-manual-1000x668.jpeg 1000w, https:\/\/limaexavier.com\/wp-content\/uploads\/2024\/04\/Terapia-manual-230x154.jpeg 230w, https:\/\/limaexavier.com\/wp-content\/uploads\/2024\/04\/Terapia-manual-350x234.jpeg 350w, https:\/\/limaexavier.com\/wp-content\/uploads\/2024\/04\/Terapia-manual-480x321.jpeg 480w, https:\/\/limaexavier.com\/wp-content\/uploads\/2024\/04\/Terapia-manual.jpeg 1356w\" sizes=\"(max-width: 1024px) 100vw, 1024px\" \/><\/figure><\/div>\n\n\n<h2 class=\"wp-block-heading\">Terapia manual<\/h2>\n\n\n\n<p>Na fisioterapia h\u00e1 diversas t\u00e9cnicas manuais que visam aliviar as tens\u00f5es musculares, restri\u00e7\u00f5es de amplitude de movimentos causados por traumas, m\u00e1 postura, desequil\u00edbrio muscular:<\/p>\n\n\n\n<p>Mobiliza\u00e7\u00e3o Neural<\/p>\n\n\n\n<p>Libera\u00e7\u00e3o Miofascial<\/p>\n\n\n\n<p>Matland<\/p>\n\n\n\n<p>Mulligan<\/p>\n\n\n\n<p>Mackenzie<\/p>\n","protected":false},"excerpt":{"rendered":"<p>Terapia manual Na fisioterapia h\u00e1 diversas t\u00e9cnicas manuais que visam aliviar as tens\u00f5es musculares, restri\u00e7\u00f5es de amplitude de movimentos causados por traumas, [&hellip;]<\/p>\n","protected":false},"author":1,"featured_media":0,"parent":0,"menu_order":0,"comment_status":"closed","ping_status":"closed","template":"","meta":{"_monsterinsights_skip_tracking":false,"_monsterinsights_sitenote_active":false,"_monsterinsights_sitenote_note":"","_monsterinsights_sitenote_category":0,"footnotes":""},"aioseo_notices":[],"_links":{"self":[{"href":"https:\/\/limaexavier.com\/index.php\/wp-json\/wp\/v2\/pages\/133"}],"collection":[{"href":"https:\/\/limaexavier.com\/index.php\/wp-json\/wp\/v2\/pages"}],"about":[{"href":"https:\/\/limaexavier.com\/index.php\/wp-json\/wp\/v2\/types\/page"}],"author":[{"embeddable":true,"href":"https:\/\/limaexavier.com\/index.php\/wp-json\/wp\/v2\/users\/1"}],"replies":[{"embeddable":true,"href":"https:\/\/limaexavier.com\/index.php\/wp-json\/wp\/v2\/comments?post=133"}],"version-history":[{"count":1,"href":"https:\/\/limaexavier.com\/index.php\/wp-json\/wp\/v2\/pages\/133\/revisions"}],"predecessor-version":[{"id":134,"href":"https:\/\/limaexavier.com\/index.php\/wp-json\/wp\/v2\/pages\/133\/revisions\/134"}],"wp:attachment":[{"href":"https:\/\/limaexavier.com\/index.php\/wp-json\/wp\/v2\/media?parent=133"}],"curies":[{"name":"wp","href":"https:\/\/api.w.org\/{rel}","templated":true}]}}