{"id":129,"date":"2024-04-14T14:06:24","date_gmt":"2024-04-14T17:06:24","guid":{"rendered":"https:\/\/limaexavier.com\/?page_id=129"},"modified":"2024-04-14T14:06:24","modified_gmt":"2024-04-14T17:06:24","slug":"rpg","status":"publish","type":"page","link":"https:\/\/limaexavier.com\/index.php\/rpg\/","title":{"rendered":"RPG"},"content":{"rendered":"<div class=\"wp-block-image is-style-sydney-rounded\">\n<figure class=\"aligncenter size-medium is-resized\"><img loading=\"lazy\" decoding=\"async\" width=\"300\" height=\"274\" src=\"https:\/\/limaexavier.com\/wp-content\/uploads\/2024\/04\/agnalda-logo-300x274.png\" alt=\"\" class=\"wp-image-35\" style=\"width:436px;height:auto\" srcset=\"https:\/\/limaexavier.com\/wp-content\/uploads\/2024\/04\/agnalda-logo-300x274.png 300w, https:\/\/limaexavier.com\/wp-content\/uploads\/2024\/04\/agnalda-logo-230x210.png 230w, https:\/\/limaexavier.com\/wp-content\/uploads\/2024\/04\/agnalda-logo-350x319.png 350w, https:\/\/limaexavier.com\/wp-content\/uploads\/2024\/04\/agnalda-logo-480x438.png 480w, https:\/\/limaexavier.com\/wp-content\/uploads\/2024\/04\/agnalda-logo.png 523w\" sizes=\"(max-width: 300px) 100vw, 300px\" \/><\/figure><\/div>\n\n\n<hr class=\"wp-block-separator has-alpha-channel-opacity\"\/>\n\n\n\n<div style=\"height:100px\" aria-hidden=\"true\" class=\"wp-block-spacer\"><\/div>\n\n\n\n<figure class=\"wp-block-image size-full is-resized\"><img loading=\"lazy\" decoding=\"async\" width=\"640\" height=\"426\" src=\"https:\/\/limaexavier.com\/wp-content\/uploads\/2024\/04\/Rpg.jpeg\" alt=\"\" class=\"wp-image-71\" style=\"width:792px;height:auto\" srcset=\"https:\/\/limaexavier.com\/wp-content\/uploads\/2024\/04\/Rpg.jpeg 640w, https:\/\/limaexavier.com\/wp-content\/uploads\/2024\/04\/Rpg-300x200.jpeg 300w, https:\/\/limaexavier.com\/wp-content\/uploads\/2024\/04\/Rpg-230x153.jpeg 230w, https:\/\/limaexavier.com\/wp-content\/uploads\/2024\/04\/Rpg-350x233.jpeg 350w, https:\/\/limaexavier.com\/wp-content\/uploads\/2024\/04\/Rpg-480x320.jpeg 480w\" sizes=\"(max-width: 640px) 100vw, 640px\" \/><\/figure>\n\n\n\n<h2 class=\"wp-block-heading\">RPG<\/h2>\n\n\n\n<p>RPG visa o equil\u00edbrio entre as for\u00e7as musculares que comp\u00f5e o corpo humano. A reeduca\u00e7\u00e3o Postural Global tem por base uma avalia\u00e7\u00e3o Postural detalhada, onde se analisam os desequil\u00edbrios e retra\u00e7\u00f5es musculares que possam estar na origem das altera\u00e7\u00f5es posturais e dores m\u00fasculo esquel\u00e9ticas.<\/p>\n","protected":false},"excerpt":{"rendered":"<p>RPG RPG visa o equil\u00edbrio entre as for\u00e7as musculares que comp\u00f5e o corpo humano. A reeduca\u00e7\u00e3o Postural Global tem por base uma [&hellip;]<\/p>\n","protected":false},"author":1,"featured_media":0,"parent":0,"menu_order":0,"comment_status":"closed","ping_status":"closed","template":"","meta":{"_monsterinsights_skip_tracking":false,"_monsterinsights_sitenote_active":false,"_monsterinsights_sitenote_note":"","_monsterinsights_sitenote_category":0,"footnotes":""},"aioseo_notices":[],"_links":{"self":[{"href":"https:\/\/limaexavier.com\/index.php\/wp-json\/wp\/v2\/pages\/129"}],"collection":[{"href":"https:\/\/limaexavier.com\/index.php\/wp-json\/wp\/v2\/pages"}],"about":[{"href":"https:\/\/limaexavier.com\/index.php\/wp-json\/wp\/v2\/types\/page"}],"author":[{"embeddable":true,"href":"https:\/\/limaexavier.com\/index.php\/wp-json\/wp\/v2\/users\/1"}],"replies":[{"embeddable":true,"href":"https:\/\/limaexavier.com\/index.php\/wp-json\/wp\/v2\/comments?post=129"}],"version-history":[{"count":1,"href":"https:\/\/limaexavier.com\/index.php\/wp-json\/wp\/v2\/pages\/129\/revisions"}],"predecessor-version":[{"id":130,"href":"https:\/\/limaexavier.com\/index.php\/wp-json\/wp\/v2\/pages\/129\/revisions\/130"}],"wp:attachment":[{"href":"https:\/\/limaexavier.com\/index.php\/wp-json\/wp\/v2\/media?parent=129"}],"curies":[{"name":"wp","href":"https:\/\/api.w.org\/{rel}","templated":true}]}}